 when 11270 is divided by 3752.
14
What is the remainder when 2245 is divided by 46?
37
What is the remainder when 1029 is divided by 177?
144
Calculate the remainder when 109 is divided by 28.
25
What is the remainder when 495 is divided by 83?
80
What is the remainder when 98 is divided by 36?
26
Calculate the remainder when 357 is divided by 20.
17
What is the remainder when 88 is divided by 81?
7
What is the remainder when 12 is divided by 8?
4
Calculate the remainder when 137 is divided by 35.
32
What is the remainder when 173 is divided by 26?
17
Calculate the remainder when 1127 is divided by 262.
79
What is the remainder when 15 is divided by 7?
1
What is the remainder when 482 is divided by 21?
20
Calculate the remainder when 7459 is divided by 41.
38
What is the remainder when 291 is divided by 31?
12
What is the remainder when 250 is divided by 22?
8
What is the remainder when 511 is divided by 60?
31
Calculate the remainder when 107 is divided by 12.
11
Calculate the remainder when 144 is divided by 3.
0
What is the remainder when 29 is divided by 11?
7
What is the remainder when 87 is divided by 29?
0
Calculate the remainder when 1226 is divided by 324.
254
Calculate the remainder when 249 is divided by 51.
45
Calculate the remainder when 299 is divided by 141.
17
Calculate the remainder when 3454 is divided by 18.
16
What is the remainder when 2013 is divided by 48?
45
Calculate the remainder when 253 is divided by 92.
69
What is the remainder when 46 is divided by 11?
2
What is the remainder when 87 is divided by 15?
12
Calculate the remainder when 96 is divided by 14.
12
What is the remainder when 2938 is divided by 147?
145
Calculate the remainder when 3923 is divided by 91.
10
What is the remainder when 492 is divided by 38?
36
Calculate the remainder when 140 is divided by 44.
8
Calculate the remainder when 436 is divided by 11.
7
What is the remainder when 17686 is divided by 11?
9
Calculate the remainder when 1320 is divided by 111.
99
What is the remainder when 1817 is divided by 12?
5
Calculate the remainder when 1329 is divided by 72.
33
What is the remainder when 749 is divided by 15?
14
Calculate the remainder when 833 is divided by 76.
73
What is the remainder when 796 is divided by 200?
196
What is the remainder when 132 is divided by 15?
12
Calculate the remainder when 378 is divided by 103.
69
What is the remainder when 91 is divided by 23?
22
What is the remainder when 291 is divided by 22?
5
Calculate the remainder when 147 is divided by 22.
15
What is the remainder when 230 is divided by 12?
2
What is the remainder when 255 is divided by 17?
0
What is the remainder when 1498 is divided by 37?
18
What is the remainder when 376 is divided by 76?
72
Calculate the remainder when 37 is divided by 2.
1
What is the remainder when 230 is divided by 98?
34
Calculate the remainder when 978 is divided by 81.
6
Calculate the remainder when 723 is divided by 205.
108
What is the remainder when 81 is divided by 11?
4
Calculate the remainder when 47 is divided by 14.
5
What is the remainder when 83 is divided by 6?
5
Calculate the remainder when 179 is divided by 18.
17
Calculate the remainder when 407 is divided by 8.
7
What is the remainder when 1259 is divided by 45?
44
Calculate the remainder when 134 is divided by 24.
14
Calculate the remainder when 121 is divided by 62.
59
What is the remainder when 102 is divided by 42?
18
Calculate the remainder when 675 is divided by 17.
12
What is the remainder when 113860 is divided by 42?
40
Calculate the remainder when 2351 is divided by 49.
48
Calculate the remainder when 300 is divided by 72.
12
Calculate the remainder when 7 is divided by 6.
1
What is the remainder when 37 is divided by 29?
8
What is the remainder when 87 is divided by 30?
27
Calculate the remainder when 134 is divided by 74.
60
Calculate the remainder when 419 is divided by 70.
69
Calculate the remainder when 616 is divided by 210.
196
What is the remainder when 162 is divided by 13?
6
Calculate the remainder when 91 is divided by 6.
1
What is the remainder when 25559 is divided by 72?
71
What is the remainder when 265 is divided by 205?
60
What is the remainder when 40 is divided by 13?
1
Calculate the remainder when 599 is divided by 60.
59
Calculate the remainder when 460 is divided by 8.
4
Calculate the remainder when 1855 is divided by 49.
42
Calculate the remainder when 232 is divided by 55.
12
Calculate the remainder when 533 is divided by 67.
64
What is the remainder when 396 is divided by 125?
21
Calculate the remainder when 684 is divided by 6.
0
Calculate the remainder when 220 is divided by 76.
68
What is the remainder when 36 is divided by 5?
1
Calculate the remainder when 783 is divided by 33.
24
Calculate the remainder when 727 is divided by 241.
4
What is the remainder when 145 is divided by 64?
17
Calculate the remainder when 2767 is divided by 71.
69
What is the remainder when 116 is divided by 61?
55
What is the remainder when 407 is divided by 41?
38
What is the remainder when 1238 is divided by 46?
42
Calculate the remainder when 7302 is divided by 36.
30
What is the remainder when 96 is divided by 14?
12
Calculate the remainder when 501 is divided by 63.
60
What is the remainder when 2731 is divided by 8?
3
Calculate the remainder when 508 is divided by 465.
43
Calculate the remainder when 696 is divided by 455.
241
What is the remainder when 128 is divided by 45?
38
What is the remainder when 808 is divided by 177?
100
What is the remainder when 314 is divided by 41?
27
What is the remainder when 127 is divided by 17?
8
Calculate the remainder when 2615 is divided by 252.
95
What is the remainder when 394 is divided by 9?
7
What is the remainder when 319 is divided by 171?
148
What is the remainder when 3586 is divided by 52?
50
What is the remainder when 367 is divided by 46?
45
What is the remainder when 305 is divided by 39?
32
What is the remainder when 37 is divided by 33?
4
What is the remainder when 692 is divided by 139?
136
Calculate the remainder when 220 is divided by 43.
5
Calculate the remainder when 12228 is divided by 44.
40
What is the remainder when 3049 is divided by 204?
193
What is the remainder when 3126 is divided by 239?
19
What is the remainder when 329 is divided by 5?
4
Calculate the remainder when 2226 is divided by 101.
4
What is the remainder when 537 is divided by 110?
97
What is the remainder when 40 is divided by 4?
0
What is the remainder when 742 is divided by 339?
64
Calculate the remainder when 791 is divided by 162.
143
Calculate the remainder when 907 is divided by 430.
47
What is the remainder when 47 is divided by 2?
1
Calculate the remainder when 127 is divided by 50.
27
What is the remainder when 563 is divided by 64?
51
Calculate the remainder when 330 is divided by 35.
15
Calculate the remainder when 350 is divided by 177.
173
Calculate the remainder when 105 is divided by 35.
0
Calculate the remainder when 344 is divided by 73.
52
What is the remainder when 108 is divided by 30?
18
Calculate the remainder when 1728 is divided by 13.
12
What is the remainder when 164 is divided by 111?
53
What is the remainder when 298 is divided by 155?
143
Calculate the remainder when 5611 is divided by 801.
4
What is the remainder when 7078 is divided by 51?
40
Calculate the remainder when 578 is divided by 286.
6
What is the remainder when 35 is divided by 19?
16
What is the remainder when 23 is divided by 21?
2
What is the remainder when 3298 is divided by 75?
73
Calculate the remainder when 4681 is divided by 57.
7
What is the remainder when 315 is divided by 92?
39
What is the remainder when 1472 is divided by 488?
8
What is the remainder when 347 is divided by 118?
111
What is the remainder when 2830 is divided by 118?
116
What is the remainder when 381 is divided by 80?
61
What is the remainder when 847 is divided by 18?
1
Calculate the remainder when 349 is divided by 39.
37
Calculate the remainder when 407 is divided by 43.
20
Calculate the remainder when 182 is divided by 62.
58
What is the remainder when 6834 is divided by 129?
126
Calculate the remainder when 113 is divided by 37.
2
What is the remainder when 2845 is divided by 10?
5
Calcula